mainder when 12446 is divided by 249.
245
Calculate the remainder when 66184 is divided by 33010.
164
What is the remainder when 7939 is divided by 991?
11
What is the remainder when 4972 is divided by 568?
428
Calculate the remainder when 54622 is divided by 241.
156
What is the remainder when 3110 is divided by 278?
52
Calculate the remainder when 226475 is divided by 24.
11
Calculate the remainder when 1576 is divided by 736.
104
What is the remainder when 3304135 is divided by 867?
865
What is the remainder when 233269 is divided by 446?
11
Calculate the remainder when 1160857 is divided by 327.
7
Calculate the remainder when 735 is divided by 163.
83
What is the remainder when 1537 is divided by 591?
355
Calculate the remainder when 1394147 is divided by 12.
11
Calculate the remainder when 509270 is divided by 96.
86
Calculate the remainder when 1998 is divided by 1971.
27
What is the remainder when 3491 is divided by 9?
8
What is the remainder when 249183 is divided by 416?
415
Calculate the remainder when 140945 is divided by 211.
208
What is the remainder when 577664 is divided by 115532?
4
What is the remainder when 99534 is divided by 24881?
10
Calculate the remainder when 185585 is divided by 294.
71
What is the remainder when 1993 is divided by 643?
64
What is the remainder when 37829 is divided by 62?
9
What is the remainder when 244863 is divided by 16?
15
Calculate the remainder when 149726 is divided by 3482.
0
Calculate the remainder when 1870 is divided by 577.
139
Calculate the remainder when 12541 is divided by 143.
100
What is the remainder when 85142 is divided by 198?
2
What is the remainder when 46008 is divided by 37?
17
Calculate the remainder when 4836 is divided by 41.
39
What is the remainder when 10760 is divided by 1765?
170
What is the remainder when 21375 is divided by 167?
166
What is the remainder when 6093 is divided by 3014?
65
What is the remainder when 4466 is divided by 236?
218
Calculate the remainder when 17357 is divided by 100.
57
Calculate the remainder when 46122 is divided by 1397.
21
What is the remainder when 84950 is divided by 33?
8
What is the remainder when 1220 is divided by 426?
368
What is the remainder when 8318 is divided by 181?
173
What is the remainder when 7120 is divided by 890?
0
Calculate the remainder when 3175387 is divided by 951.
949
What is the remainder when 1487 is divided by 159?
56
What is the remainder when 256699 is divided by 85564?
7
What is the remainder when 15956 is divided by 5?
1
Calculate the remainder when 548 is divided by 236.
76
What is the remainder when 445188 is divided by 91?
16
What is the remainder when 174601 is divided by 860?
21
Calculate the remainder when 1244 is divided by 325.
269
Calculate the remainder when 3863 is divided by 8.
7
What is the remainder when 1900 is divided by 156?
28
Calculate the remainder when 107897 is divided by 41.
26
What is the remainder when 10455 is divided by 783?
276
What is the remainder when 590665 is divided by 2?
1
What is the remainder when 64866 is divided by 113?
4
What is the remainder when 3726 is divided by 123?
36
Calculate the remainder when 46320 is divided by 842.
10
Calculate the remainder when 4213 is divided by 304.
261
Calculate the remainder when 193450 is divided by 28.
26
Calculate the remainder when 17251 is divided by 63.
52
Calculate the remainder when 3668 is divided by 1660.
348
Calculate the remainder when 1870 is divided by 132.
22
Calculate the remainder when 5745 is divided by 230.
225
Calculate the remainder when 21580 is divided by 21516.
64
What is the remainder when 371 is divided by 156?
59
What is the remainder when 169499 is divided by 226?
225
What is the remainder when 6239 is divided by 11?
2
Calculate the remainder when 4082 is divided by 26.
0
What is the remainder when 4314 is divided by 206?
194
What is the remainder when 235694 is divided by 241?
237
What is the remainder when 2644 is divided by 1585?
1059
Calculate the remainder when 8119 is divided by 5.
4
What is the remainder when 4308 is divided by 26?
18
Calculate the remainder when 22093 is divided by 156.
97
Calculate the remainder when 21126 is divided by 91.
14
What is the remainder when 4234 is divided by 2112?
10
Calculate the remainder when 20165 is divided by 243.
239
Calculate the remainder when 2808 is divided by 523.
193
What is the remainder when 1456 is divided by 393?
277
Calculate the remainder when 157551 is divided by 3352.
7
What is the remainder when 8874 is divided by 8747?
127
What is the remainder when 7151 is divided by 325?
1
What is the remainder when 46090 is divided by 11520?
10
Calculate the remainder when 19838 is divided by 2614.
1540
Calculate the remainder when 147628 is divided by 285.
283
Calculate the remainder when 65820 is divided by 147.
111
What is the remainder when 36922 is divided by 18459?
4
What is the remainder when 197744 is divided by 221?
170
What is the remainder when 4324 is divided by 139?
15
What is the remainder when 134833 is divided by 153?
40
Calculate the remainder when 47444 is divided by 205.
89
Calculate the remainder when 424 is divided by 181.
62
What is the remainder when 26784 is divided by 136?
128
Calculate the remainder when 1203 is divided by 55.
48
Calculate the remainder when 675083 is divided by 209.
13
Calculate the remainder when 3484 is divided by 91.
26
Calculate the remainder when 147327 is divided by 679.
663
What is the remainder when 4967 is divided by 2444?
79
Calculate the remainder when 116156 is divided by 14502.
140
What is the remainder when 22941 is divided by 191?
21
What is the remainder when 5376 is divided by 1048?
136
What is the remainder when 1572 is divided by 1535?
37
Calculate the remainder when 1961533 is divided by 16.
13
What is the remainder when 78993 is divided by 15780?
93
Calculate the remainder when 79100 is divided by 11.
10
What is the remainder when 19473 is divided by 6487?
12
Calculate the remainder when 2563 is divided by 209.
55
What is the remainder when 153636 is divided by 668?
664
What is the remainder when 200083 is divided by 63?
58
Calculate the remainder when 23729 is divided by 20.
9
Calculate the remainder when 11941 is divided by 1985.
31
Calculate the remainder when 135299 is divided by 492.
491
What is the remainder when 945 is divided by 211?
101
What is the remainder when 3268984 is divided by 76?
72
Calculate the remainder when 3475 is divided by 487.
66
Calculate the remainder when 41056 is divided by 875.
806
What is the remainder when 75922 is divided by 18975?
22
What is the remainder when 438305 is divided by 687?
686
What is the remainder when 835559 is divided by 137?
133
Calculate the remainder when 56257 is divided by 5.
2
Calculate the remainder when 1857498 is divided by 34.
10
Calculate the remainder when 69144 is divided by 117.
114
Calculate the remainder when 4927 is divided by 12.
7
Calculate the remainder when 726805 is divided by 57.
55
What is the remainder when 495 is divided by 67?
26
What is the remainder when 396708 is divided by 10?
8
Calculate the remainder when 81587 is divided by 13.
12
Calculate the remainder when 587357 is divided by 34550.
7
What is the remainder when 5693 is divided by 2792?
109
What is the remainder when 2966 is divided by 2?
0
Calculate the remainder when 2266 is divided by 137.
74
What is the remainder when 21576 is divided by 273?
9
What is the remainder when 279 is divided by 49?
34
Calculate the remainder when 9973 is divided by 377.
171
What is the remainder when 11784 is divided by 437?
422
What is the remainder when 1145662 is divided by 216?
214
Calculate the remainder when 7346 is divided by 21.
17
Calculate the remainder when 74428 is divided by 18.
16
Calculate the remainder when 1141 is divided by 233.
209
What is the remainder when 815 is divided by 24?
23
Calculate the remainder when 2308 is divided by 1096.
116
Calculate the remainder when 563 is divided by 94.
93
Calculate the remainder when 1561 is divided by 560.
441
Calculate the remainder when 1211400 is divided by 449.
447
What is the remainder when 1177 is divided by 212?
117
Calculate the remainder when 22146 is divided by 84.
54
Calculate the remainder when 1278